the highest common divisor of f and u?
10
Suppose 0 = -5*s + 19 + 301. Suppose -47 = -5*o - 7. What is the greatest common factor of o and s?
8
Let j = -20 + 16. Let r = 11 - 5. Let s be j/((-40)/r)*10. Calculate the greatest common divisor of 42 and s.
6
Let k(v) = -2*v**3 - 6*v**2 - 4*v - 8. Let c be k(-6). What is the highest common divisor of c and 29?
29
Let z = -133 + 175. Calculate the highest common divisor of z and 3.
3
Let c be (-6)/(-27) - (-68)/18. Suppose c*g - g + 12 = 0, 3*g = -v + 5. What is the greatest common factor of 153 and v?
17
Let q be (-21 - -1)*(-2 + 1/4). What is the greatest common divisor of 105 and q?
35
Let u = -90 - -96. Suppose -6*t + t = p - 61, 5*t = 2*p - 137. Calculate the greatest common factor of p and u.
6
Let w be 2/3 - (-212)/6. Let r(x) = x**2 + 38*x + 18. Let s be r(-38). What is the greatest common divisor of w and s?
18
Let q(k) = k**2 - k - 8. Let j be q(4). Let n(c) = -c**2 + 1. Let i be n(0). What is the highest common divisor of i and j?
1
Suppose 10 + 9 = 4*x - n, -7 = -x + n. Suppose 4*s - x = 4. What is the greatest common factor of s and 14?
2
Let k(c) = c**2 + 2*c + 7. Let d be k(3). What is the greatest common factor of 2 and d?
2
Suppose 0 = v - 3*x + 8, 0*x + 2*x = 5*v - 12. Let r = v + -1. Suppose -6 + 3 = -r*h. Calculate the greatest common factor of h and 4.
1
Suppose 3*h - 7 = 6*k - 2*k, 4*h - 2*k = 26. Let a(m) = m**3 - 8*m**2 - 9*m + 1. Let p be a(h). Let j = 5 - p. What is the highest common divisor of j and 6?
2
Let z = 82 - 52. Suppose 2 = -j - 4. Let m = z + j. What is the greatest common factor of m and 60?
12
Suppose -3 = d - 2*d. Let t be (d + 0)/(1/(-9)). Let w = -8 - t. Calculate the greatest common factor of w and 209.
19
Let y(m) = m**2 + 4*m + 3. Let r be y(-3). Suppose 16 = 4*n - r. Calculate the greatest common divisor of n and 1.
1
Suppose -8*s + 192 = -5*s. What is the highest common factor of s and 16?
16
Let b(k) = -k**2 - 7*k - 2. Let r be b(-5). Let t = r - -40. Calculate the greatest common divisor of t and 16.
16
Suppose -3*g + 5*k - 12 = -39, 0 = 3*k + 9. Let o(a) = 9*a**2 - 2*a. Let i be o(2). What is the highest common factor of i and g?
4
Let d(o) = 15*o**3 - 3*o**2 + 3*o - 2. Let c be d(2). What is the highest common factor of c and 16?
16
Suppose 28*x - 37*x = -720. Let j = 22 + -2. What is the highest common factor of j and x?
20
Let o = 7 - 5. Suppose 3 = 4*u - 69. Calculate the greatest common factor of u and o.
2
Suppose 0 = z - 4*u - 1 - 23, -40 = -5*z + 4*u. Suppose -z*d + 32 = -0*d. Let v = 18 - d. Calculate the greatest common divisor of 10 and v.
10
Let d = 30 - 12. Suppose -50 = g - 4*g + x, 0 = g + 4*x - 34. Calculate the greatest common divisor of d and g.
18
Let o = 1 + -3. Let j be 6/12 - 39/o. Calculate the greatest common divisor of j and 10.
10
Let l = -42 + 92. What is the greatest common divisor of 10 and l?
10
Let p(v) = v + 10. Let i be p(-6). Suppose -g + 8 = 3*y - 7, 20 = i*y + 5*g. Calculate the greatest common divisor of y and 40.
5
Suppose d = 2*d - 64. Calculate the greatest common divisor of 8 and d.
8
Suppose -4*d = 1 - 21. Let m(v) = -2*v**2 + 4*v + 6. Let o be m(d). Let k = 39 + o. What is the greatest common factor of k and 120?
15
Let o = 130 - 60. What is the highest common factor of 14 and o?
14
Let q be (-12)/(3/((-21)/2)). Let b(w) = 6*w + 6. Let v be b(-8). Let d be (-16)/(-12)*v/(-4). What is the highest common divisor of q and d?
14
Suppose 21*t - 19*t = 50. What is the highest common divisor of 25 and t?
25
Suppose 0 = -5*z + 20, -3*q - 4*z + 3*z = -274. Calculate the highest common divisor of 18 and q.
18
Let n be -6*6/(-9) - (-21 + 17). Suppose 3*o - 280 = -2*o. What is the highest common divisor of n and o?
8
Let x(a) = a**3 + 2*a**2 + 2*a. Let u be x(-2). Let b be 5/10 - (-2)/u. Let v(s) = -s + 14. Let j be v(b). What is the highest common divisor of 14 and j?
14
Let t = -12 - -23. Suppose 3*r - t = 10. Suppose -2*z + r*z = 175. What is the highest common factor of z and 5?
5
Let j(x) = 49*x - 15. Let g be j(6). Calculate the greatest common divisor of g and 31.
31
Suppose 3*l - 156 - 159 = 0. Let z(i) = -8*i. Let m be z(-3). Let b = l - m. What is the greatest common divisor of 9 and b?
9
Let z be (5 - (-38)/(-7)) + 157/7. Calculate the greatest common divisor of z and 110.
22
Let v(i) = 0 + 0 + i + 4*i**2. Suppose h + 4 = 2*n, -n = 3*n + 4*h + 4. Let x be v(n). What is the greatest common factor of x and 15?
5
Suppose 30 = -i + 2*i. Let k be 102/14 + (-10)/35. Let t = -4 + k. What is the highest common divisor of i and t?
3
Suppose -2*n = 3*n. Suppose -3*o + 5 - 2 = n. Calculate the highest common factor of 2 and o.
1
Let j = -40 - -47. Suppose -5*c - 2*q + 21 + 2 = 0, -2*q + 3 = c. Let o = c + 2. What is the greatest common divisor of o and j?
7
Let r(y) = 3*y - 1. Let c be r(2). Suppose 0 = c*h - 0*h - 60. What is the highest common divisor of h and 120?
12
Suppose -2*b - l = -56, -2*b - 3*b = 3*l - 142. Calculate the greatest common divisor of b and 234.
26
Let b(u) = 5*u**2 - 3*u - 8. Let i be b(-2). Calculate the highest common divisor of 2 and i.
2
Let q be 5*(24/5)/2. What is the greatest common divisor of q and 96?
12
Let s = -62 + 29. Let v = s - -60. Calculate the highest common divisor of 18 and v.
9
Suppose 3*t = -5*x + t - 109, 5*x + 5*t + 115 = 0. Let s = -95 - -101. Let u be (-204)/(-21) - s/x. What is the greatest common divisor of u and 4?
2
Let t = -5 - -5. Suppose -2*i + i + 4 = t. Let b = 7 - i. What is the highest common factor of 27 and b?
3
Suppose 0 = 5*a - 3*a - 5*h + 10, 19 = -a - h. Let f be (-2)/(-12) + a/(-18). Calculate the highest common divisor of 3 and f.
1
Suppose t - 21 = -5*l, -l - l + 66 = 4*t. What is the greatest common divisor of 64 and t?
16
Let j be (-18)/(-4)*(-2)/(-3). Suppose -j*w - 2*w + 5 = 0. What is the greatest common factor of 9 and w?
1
Suppose -4*s + 0*s + 60 = 0. Let k = s - 8. What is the greatest common divisor of k and 49?
7
Suppose -24 = -5*a - 4. Let g be a/(-10) - (-282)/5. Calculate the highest common divisor of g and 7.
7
Suppose 0 = 5*j - 10 - 20. Let k(n) = 2*n**3 - 9*n**2 + 9*n - 2. Let y be k(j). Suppose o - 32 = -o. What is the greatest common factor of o and y?
16
Suppose -3*z + 5 = 2. What is the greatest common factor of z and 3?
1
Let y(h) = -19*h. Let d be y(-1). Suppose 2*w - 76 = 5*f - 3*f, -3*w + f + 114 = 0. What is the highest common factor of w and d?
19
Let f = -14 - -20. What is the greatest common factor of 48 and f?
6
Suppose -28 = -8*v + 4*v. What is the greatest common divisor of v and 56?
7
Let u(i) = -i**3 + 2*i**2 + 7*i + 5. Let q be u(-3). Let j = 141 + 178. What is the highest common divisor of j and q?
29
Let r(q) = 367*q + 1. Let n be r(-1). Let m = -234 - n. Calculate the highest common factor of 12 and m.
12
Let m be 1 + 13 + 19 + -15. What is the highest common factor of m and 198?
18
Suppose v - 33 = -4*q - 0*q, 4*v = 20. Let j = 43 + -7. Suppose -u + 5*x + 170 = 4*u, 0 = u + x - j. What is the greatest common factor of u and q?
7
Let v = -8 - -14. Let n = -5 - -7. Suppose -3*c = -4*m + 7, 0 = 2*m - c - 3 - n. What is the highest common divisor of m and v?
2
Let j be (-16)/(-2) - 6/2. Let i be j/((-49)/(-24) - 2). Calculate the highest common factor of 15 and i.
15
Let j be (2/(-2) - -37)*(-52)/(-78). Calculate the greatest common divisor of j and 24.
24
Let k(d) = -2*d - 7. Let q be k(-4). Let a be (4/8)/((-3)/(-30)). Calculate the greatest common divisor of a and q.
1
Let s = 222 - 152. Calculate the greatest common factor of s and 28.
14
Let u(o) = -5*o + 0*o**3 + 2*o + o**3 + 3. Suppose 3 = -4*q + 15. Let f be u(q). What is the highest common divisor of 14 and f?
7
Let y(b) = b**3 + 3*b**2 - 13*b - 11. Let l be y(-5). Suppose -3*g = -7 - 5. What is the greatest common divisor of g and l?
4
Let b(u) = -20*u + 1. Let j be b(-1). Let r(t) = -t**2 - 7*t + 21. Let p be r(-9). Calculate the greatest common factor of j and p.
3
Let m = 23 + -16. Let c(s) be the third derivative of -s**6/120 - s**5/20 + s**3 - s**2. Let l be c(-5). What is the greatest common factor of l and m?
7
Let c be -3 + 0 + 86/2. Calculate the greatest common factor of c and 10.
10
Suppose -4*k + 50 + 60 = 5*m, m + 3*k - 22 = 0. Let p(n) =